5*j**2 - 15*j - 44. Let s(t) = 12*t**3 + 149*t**2 + 18*t + 53. Let w(i) = 16*s(i) + 19*v(i). Give w(-5).
-28
Let q(b) = -14*b - 228. Let y be q(-16). Let l(s) = 31*s - 1. Let x(i) = -25*i + 1. Let g(w) = 3*l(w) + 4*x(w). Give g(y).
29
Let b(h) = 5*h**3 + h**2 + 2*h - 2. Let k be b(1). Suppose -12 + 0 = -k*t. Let v(y) = 11 - 11 + 6 - t*y. What is v(4)?
-2
Let t = 612 - 368. Let p = 242 - t. Let n(l) = -2*l**3 - 4*l**2 - 4*l + 2. What is n(p)?
10
Let y(v) = 28*v - 2. Let m(f) be the third derivative of f**4/12 - f**3/6 - 78*f**2 + 2*f. Let p(t) = -12*m(t) + y(t). What is p(-5)?
-10
Let v(b) be the third derivative of -b**9/60480 - b**8/20160 - b**7/2520 + 17*b**5/15 - 16*b**2 + 3. Let w(t) be the third derivative of v(t). What is w(-2)?
8
Let c be 1/(-3)*0*(-17 - (-1000)/60). Let f(w) be the first derivative of 2*w**3 - 1/4*w**4 + c*w**2 + 6*w - 29. Determine f(6).
6
Let v(z) = -z**2 - 13*z - 10. Let l be -14 - (-3 + -6 + 1). Determine v(l).
32
Suppose -467 = -6*s - 131. Let r be (12/10)/(s/(-420)). Let v(x) = -x**2 - 9*x - 9. Give v(r).
-9
Let i(m) = -m**2 + 77*m - 295. Suppose 2*f + 4*f - 60 = -36. What is i(f)?
-3
Let p(u) = -7*u + 1. Suppose -19 = z - 5*o - 17, -5*z + 9*o = -6. Calculate p(z).
-20
Let j = 165/32 - -11/32. Let q(z) be the second derivative of -j*z**2 - 25*z + 0 - 5/3*z**3 + 1/12*z**4. Calculate q(11).
0
Let f(o) = -2*o**2 - 19*o**2 - 5 - 7*o + o**2 + 0. Let p(t) = -t**2 - 2*t - 1. Let k(c) = -f(c) + 4*p(c). Give k(1).
16
Let c(z) = -2 - 4*z + z**3 + 0*z**2 - 3*z**2 + 1. Let q(u) = 19*u + 151. Let i be q(-8). Let w be 3*5*(i - (-36)/30). What is c(w)?
-13
Let q(w) = 2*w + 3. Suppose -7 = -4*a + t, a - 4*a + 3*t = 6. Suppose -2*g - l - 11 = -6, a*g + 9 = -l. Give q(g).
-5
Let x(q) = 739 - 733 + 5*q**2 - 120*q - 3*q**2 + 130*q. Calculate x(-9).
78
Suppose 0 = -u, 0 = -279*n + 276*n - 5*u. Let r(g) = -g**2 - g + 77. Calculate r(n).
77
Let d(n) = 11 - 3*n - n + 5*n. Let l = 448 + -451. Let s be (-5)/l*(-7 + -4 + 8). Calculate d(s).
6
Let z(g) be the second derivative of -g**5/20 + 11*g**4/12 + 13*g**3/3 + g**2/2 + 2*g + 1012. What is z(13)?
1
Let r(v) = -24*v + 104. Suppose 0 = 2*x - 3*p + 13, 494*p + 30 = 4*x + 496*p. What is r(x)?
8
Let d(b) be the first derivative of -b**3/3 + 14*b**2 - 26*b - 1147. Determine d(27).
1
Suppose -254 = 8*i - 62. Let u(n) = n**3 + 23*n**2 - 26*n - 50. Calculate u(i).
-2
Let l(h) be the second derivative of -4*h**3/3 - 35*h**2 + 1075*h. What is l(-10)?
10
Let a(b) = -77*b + 1226. Let k be a(16). Let f(u) = u**3 + 6*u**2 - 9*u - 12. Give f(k).
42
Let l(o) = -3*o + 23. Let w = -5583 - -5590. Give l(w).
2
Let z(v) be the first derivative of v**4/4 + v**3 + v - 1. Suppose 3*d + 508*s + 8 = 507*s, -5*s = -20. Give z(d).
-15
Suppose m + 4*m = 3*p + 9, -9 = 3*p - 4*m. Let f(t) = 5. Let k(b) = b + 21. Let d = 663 - 672. Let x(s) = d*f(s) + 2*k(s). Calculate x(p).
-9
Suppose 0 = 4*t + 8, d - 5*d - 22 = t. Let j(w) be the second derivative of 1/2*w**3 + 2 + 0*w**2 - 40*w. Determine j(d).
-15
Let r(l) = -9 - 8 + 10*l + 14 - l**2. Suppose 2*j - 15 - 37 = n, 3*j = 2*n + 80. Suppose -5*b - 4*p = -j, p = 2*b - 4*p - 36. Give r(b).
13
Let k = -348 + 351. Let b(z) = -2*z**3 + 0*z**3 - 4*z**3 - 3*z**2 + 2*z**k + 2*z**3 - 2 + 2*z. Give b(-3).
19
Let v(n) = -n**3 - 11*n**2 + 14*n + 25. Let a be (-2 - 5/(-3)) + 35/15. Let d be (a - 84/15)*(-20)/(-6). Let k be v(d). Let h(q) = -4*q - 1. Determine h(k).
-5
Suppose 24 = -4*n + 8*n. Let i(u) = -58*u - 237. Let c(x) = -11*x - 45. Let j(t) = 21*c(t) - 4*i(t). Give j(n).
9
Let s(h) = 5*h**3 + 5*h**2 - 27*h + 6. Let i(d) = -4*d**3 - 5*d**2 + 23*d - 6. Let p(r) = -6*i(r) - 5*s(r). Give p(5).
-9
Let i(l) = 2*l**3 + 31*l**2 - 17*l + 16. Let a(o) = -5*o**3 - 69*o**2 + 34*o - 33. Let q(h) = -3*a(h) - 7*i(h). Determine q(8).
-5
Let r be (3 - -1) + (-8 - 55). Let v = r + 99. Suppose 5*s - 9*s = v. Let t(j) = j + 14. Determine t(s).
4
Let u(r) = -9*r + 505 - 995 + 3*r + 516 - r**2. Calculate u(4).
-14
Let l(m) be the first derivative of 70 - 1/2*m**2 + 9*m. What is l(10)?
-1
Let f = 95 - 93. Let k(u) = -2*u**2 + 0*u**2 + 0 + 3 - 4*u + 9*u**f. Let d(r) = -20*r**2 + 12*r - 9. Let x(l) = -6*d(l) - 17*k(l). Give x(4).
3
Let z(y) = 24*y - 126. Let l be -3 + (-165)/11 + 13 - (-11 - -1). Give z(l).
-6
Let n(p) = p - 23. Let m = 3515 - 3494. Give n(m).
-2
Let t(f) = 4*f**3 + 35*f**2 - 5*f + 33. Suppose -380*h = -105*h + 2475. What is t(h)?
-3
Let x(j) = 6*j - 111. Let c be x(18). Let b(v) be the third derivative of v**6/120 + v**5/30 + v**4/8 + v**3/3 - 2*v**2. What is b(c)?
-16
Let z(h) = -h - 7. Let t be z(-4). Let f(x) be the second derivative of -7*x**3/6 - 2*x**2 - 2789*x. Calculate f(t).
17
Let a(c) = -48*c - 3. Let d(o) = -6 + 11*o + 9 - 2. Let l(n) = 6*a(n) + 26*d(n). Determine l(-5).
18
Suppose -4*u - 349 = q, -319 = q + 8*u - 10*u. Let t = -326 - q. Let l(a) = 2*a + 4*a + 2 - 6. Calculate l(t).
14
Suppose -5*k - 65 = -5*w, -k = -6*k + 5. Suppose -75 - 9 = w*i. Let p(d) = -1 + 4*d - 3 + d**2 - 2. Calculate p(i).
6
Let m(i) = -1475*i**3 + 13 - 1474*i**3 - 1474*i**3 + 4422*i**3 - 16*i + 11*i**2. What is m(10)?
-47
Let y(f) be the first derivative of -f**4 - 4*f**3/3 + 2*f + 1770. What is y(-1)?
2
Let r(o) = -o**2 - 9*o - 7. Let a be (-2)/(-7) + 141/21. Suppose a*j = -19 - 44. What is r(j)?
-7
Let n(j) be the third derivative of -j**5/30 - j**4/6 - 16*j**3/3 - 107*j**2. Let a(d) be the first derivative of n(d). Calculate a(-3).
8
Let b(w) = -3*w**3 + 19*w**2 - 7*w + 23. Let x(q) = q**3 - 6*q**2 + 2*q - 7. Suppose -8*z = z - 63. Let v(c) = z*x(c) + 2*b(c). Let i = 14 - 10. Calculate v(i).
-3
Let s(y) be the second derivative of -y**3/2 - 21*y**2 - 4*y + 1. Give s(-12).
-6
Let m(n) = 5*n**2 - 37*n - 3. Let i(x) = -9*x**2 + 68*x + 2. Let u(y) = -6*i(y) - 11*m(y). Give u(4).
1
Let g be (-6)/2 - (6 + -12 + 5). Let d(w) be the second derivative of -11*w**3/6 + w**2 + 372*w - 2. Calculate d(g).
24
Let z(i) be the third derivative of -10*i**2 - 1/3*i**3 - 1/8*i**4 + 0*i + 0. Calculate z(-4).
10
Let i(w) = -w**2 + 59*w - 367. Let z be i(52). Let h(l) = 4*l + 1 - 3 + 3. What is h(z)?
-11
Let w be 32/144 - (-4720)/(-18). Let j = 270 + w. Let q(i) = i**3 - 9*i**2 + 7*i + 9. Give q(j).
1
Let j be (-9 + 104/(-13))/(-1). Let r(b) = b**2 - 16*b + 14. Give r(j).
31
Let d(x) = -x**3 - 6*x**2 + 7*x - 5. Let b be d(-7). Let u be -4 + 39/(-3)*b. Let j(i) = 68 + 3*i - u - i. Determine j(-5).
-3
Let k(v) = -v**3 + 16*v**2 - 16*v + 16. Let m be (-39 + 82)*2/6 + 6/9. Determine k(m).
1
Suppose 12*f + 4 = 4*r + 9*f, 0 = -5*r + 5*f + 5. Let i(n) = -n + 1. Let l(g) = 4*g + 1. Let k be 14/21 + (-4)/(-3). Let b(m) = k*i(m) - l(m). Determine b(r).
-5
Let k(j) = -j**3 - 9*j**2 - 3*j + 19. Let o be k(-8). Let f = 27 + o. Let q be -5 - (-2 - (4 - f)). Let r(s) = s**3 + 5*s**2 + 5*s + 6. Determine r(q).
-19
Let p be (-6)/(-21) - (-51)/(-7). Let f(g) = -16*g**3 + 12*g + 2*g - 7*g**2 + 1 - 13*g + 27*g**3 - 12*g**3. Determine f(p).
-6
Let j(c) be the second derivative of 0*c**2 - 31/6*c**3 + 11*c + 11/24*c**4 - 1/120*c**5 + 0. Let z(t) be the second derivative of j(t). Give z(8).
3
Suppose 0 = -s + 2*i + 22, 2*i = -3*s + 8*s - 78. Let b be (35/s - 2)*-10. Let r(k) = -7*k - 4. Determine r(b).
31
Suppose -80 = -85*o + 90. Let y(n) = -2*n. What is y(o)?
-4
Let i(h) = -45*h. Let j(t) = 2*t**2 + 19*t + 10. Let k be j(-9). What is i(k)?
-45
Let p(o) be the second derivative of -o**4/12 - 5*o**3/6 + 6*o**2 + 779*o. Determine p(-10).
-38
Let d(n) = 154*n**2 + 8*n - 20. Let o(l) = -232*l**2 - 12*l + 28. Let z(w) = -10*d(w) - 7*o(w). Determine z(-1).
84
Let a(p) = 12*p - 3 - 7*p - 2*p. Let r(f) = -f**3 + 2*f**2 + 16*f - 2. Let g be r(5). Give a(g).
6
Let j be (16656/(-44))/(-3) - (-4)/(-22). Let n = -124 + j. Suppose 4*s = -2*v - 14, -3*s + 0*v + n*v - 21 = 0. Let z(m) = 2*m - 1. Calculate z(s).
-11
Let l(n) be the second derivative of n**3/6 - 2*n**2 + 1567*n - 2. Give l(10).
6
Let r be (-20)/(-1 + -3) - 2. Let z be (-3 - -3)*(r - 2). Let j(m) = -m + 15. What is j(z)?
15
Let k be ((-12)/(-4))/((-36)/48). Let m be (-6)/(-12) + 10/k. Let o(r) = 6*r**2 + 2*r + 3. Give o(m).
23
Let u(i) be the second derivative of i**3/6 - 5*i**2/2 + 1667*i + 1. Suppose -3*q - 2*z + 3 = z, -2*q = 4*z + 4. Calculate u(q).
-1
Let w(l) = -l**2 + 8*l - 7